215
In base 3, what is 102200 - -21202212101?
21210022001
In base 11, what is -1 - -21a0823?
21a0822
In base 13, what is -18479 - 11?
-1848a
In base 13, what is 5 + 65b7a4?
65b7a9
In base 15, what is a869e + -49e?
a8200
In base 3, what is 0 - 110112211001010?
-110112211001010
In base 16, what is 0 + 30056a?
30056a
In base 9, what is 0 + -654613?
-654613
In base 11, what is 33356 + 8?
33363
In base 4, what is 301 + -1223302212?
-1223301311
In base 13, what is 1 + -4530aca?
-4530ac9
In base 15, what is -a + -5c999?
-5c9a4
In base 4, what is -131020221212 - -3?
-131020221203
In base 5, what is 12032220412 + -110?
12032220302
In base 5, what is -41 - 3243342402?
-3243342443
In base 13, what is -169 - -20b849?
20b6b0
In base 16, what is 8472d + 23?
84750
In base 15, what is 4e90 - 2e7a?
2015
In base 12, what is -4 - -327a203?
327a1bb
In base 9, what is 25668475 + -5?
25668470
In base 3, what is 101001202110200101 - -2?
101001202110200110
In base 3, what is 2212 + -22001002201?
-22000222212
In base 14, what is 16042c3 - -4?
16042c7
In base 7, what is -134546 + -12302?
-150151
In base 6, what is 333113033 + -20?
333113013
In base 3, what is -1002 + 121102101222102?
121102101221100
In base 10, what is -104764 - 365?
-105129
In base 6, what is 134232 + 234?
134510
In base 16, what is -e94 - 33bc?
-4250
In base 14, what is a422ac2 + -4?
a422abc
In base 3, what is -110201110010 + 102?
-110201102201
In base 13, what is -39 - 476135?
-476171
In base 7, what is -3 + -556155503?
-556155506
In base 7, what is -220 - 241223136?
-241223356
In base 9, what is 475334 + 30?
475364
In base 4, what is 3321133221222 + 0?
3321133221222
In base 7, what is -46246 + 6354?
-36562
In base 14, what is -8 + 157801?
1577d7
In base 15, what is ba + -745e?
-7394
In base 15, what is 1ed262a + -10?
1ed261a
In base 9, what is -804757665 + 2?
-804757663
In base 7, what is -15 + 12641442?
12641424
In base 10, what is 2 - -74901654?
74901656
In base 15, what is -8826ace5 + 2?
-8826ace3
In base 12, what is 2a2 + 139?
41b
In base 9, what is -40667544 - 4?
-40667548
In base 2, what is -1010101101011000110 - -111101010?
-1010101100011011100
In base 2, what is -11111000001110 - 10100011100?
-100001100101010
In base 13, what is 34 + -48c08b9?
-48c0885
In base 16, what is 39da2c84 - -5?
39da2c89
In base 12, what is 3983426 + 4?
398342a
In base 4, what is -23210320311 + -210?
-23210321121
In base 8, what is 3073 + -17707?
-14614
In base 15, what is 536 + -580dc?
-57aa6
In base 15, what is 3 + -c93a9?
-c93a6
In base 3, what is 2002102101 - 11202?
2002020122
In base 5, what is 11 - -22340114404?
22340114420
In base 13, what is 5c - 9030?
-8ca1
In base 4, what is 11 + -20330010013301?
-20330010013230
In base 7, what is -3 + -23103613?
-23103616
In base 5, what is 0 + -34041300?
-34041300
In base 14, what is 49a21b4 - -1c?
49a21d2
In base 2, what is 100101000 + 1001000011111111?
1001001000100111
In base 15, what is 9406d + -18e?
93dce
In base 11, what is -5 - -3927a0a?
3927a05
In base 9, what is 13814 + -2661?
11143
In base 13, what is -16bb1 - -159?
-16a55
In base 8, what is -125476 - 103?
-125601
In base 7, what is -320366 + -1623?
-322322
In base 9, what is -642700 - 418?
-643218
In base 9, what is 11870355 - 48?
11870306
In base 2, what is 10010000010101011101 - -11001110?
10010000011000101011
In base 14, what is 6116909 - -3?
611690c
In base 13, what is -b81127 + 3?
-b81124
In base 7, what is 11340115 + 226?
11340344
In base 16, what is 9 - 8ae15?
-8ae0c
In base 4, what is 111 - -22021132121?
22021132232
In base 16, what is -3 + -a1f29f?
-a1f2a2
In base 15, what is 5c4 - 3b33e?
-3ac6a
In base 7, what is -5 + -50412616?
-50412624
In base 4, what is -123202311010 + -100?
-123202311110
In base 6, what is 244 - 154254035?
-154253351
In base 16, what is -50ca65 - -1f?
-50ca46
In base 15, what is 1516117 + 9?
1516121
In base 8, what is 23 + -7102241?
-7102216
In base 5, what is 44342312 - -440?
44343302
In base 2, what is 10010000110111 + -101000001110110?
-10110000111111
In base 3, what is 21 - -1002100020001111?
1002100020001202
In base 7, what is -343 - 225164?
-225540
In base 8, what is 44210 - 323?
43665
In base 15, what is 24 + 1d1aba3?
1d1abc7
In base 9, what is 17484 - 162?
17322
In base 12, what is -7917 + -6543?
-1225a
In base 7, what is 43441 + -150652?
-104211
In base 4, what is 1 + 1203221132303?
1203221132310
In base 14, what is -d + 21109c4?
21109b5
In base 7, what is -14 + -5542062?
-5542106
In base 15, what is -478 - 1a17?
-1e90
In base 6, what is -3 - 10145504?
-10145511
In base 5, what is -42214012243 - 1?
-42214012244
In base 8, what is 627601 - -1010?
630611
In base 15, what is 31436c5 + 1?
31436c6
In base 14, what is -16 + 50ca9?
50c93
In base 2, what is -100000100110110001110101 - 100?
-100000100110110001111001
In base 10, what is 82567 + 137?
82704
In base 2, what is 110010111 + -101001001101?
-100010110110
In base 16, what is 45d30d + 30?
45d33d
In base 6, what is -30 - -14144452?
14144422
In base 9, what is -1126 - -4670?
3543
In base 8, what is 504 - 10561?
-10055
In base 7, what is 1 + -4251440033?
-4251440032
In base 11, what is 10a48043 + -3?
10a48040
In base 10, what is 891815 - 3?
891812
In base 7, what is -3 + 1054022064?
1054022061
In base 9, what is 78526507 + -1?
78526506
In base 15, what is -5 + -1ee3332?
-1ee3337
In base 10, what is 374 + 72392?
72766
In base 5, what is 13 - 1300212434?
-1300212421
In base 2, what is 1110100 + -1011010010011100?
-1011010000101000
In base 5, what is 3 - 3012112411?
-3012112403
In base 15, what is 1b18c + 27d?
1b41a
In base 11, what is 354a399 - 4?
354a395
In base 4, what is -201022 + -220200?
-1021222
In base 16, what is 5 + -7fca75?
-7fca70
In base 8, what is 445271711 - 3?
445271706
In base 11, what is -3685708 - -1?
-3685707
In base 6, what is -115450 + 300035?
140145
In base 12, what is 2 - -38369a1?
38369a3
In base 7, what is 4 - -26425346?
26425353
In base 4, what is 102320 + 2011311?
2120231
In base 9, what is -15 + -562064?
-562080
In base 11, what is 1040 - 715a?
-611a
In base 6, what is -532214 - 25212?
-1001430
In base 9, what is 13305 - 12731?
464
In base 15, what is -15be5d7 + 2?
-15be5d5
In base 14, what is -968 - -432?
-536
In base 5, what is 1223 + -31201432?
-31200204
In base 16, what is -146b6aea + 0?
-146b6aea
In base 4, what is -2312030112 + 210?
-2312023302
In base 9, what is 16 - -38476?
38503
In base 10, what is -3 - -3348140?
3348137
In base 4, what is 1113000110033 - 10?
1113000110023
In base 16, what is -33d47 - -11?
-33d36
In base 10, what is -435 + -215341?
-215776
In base 13, what is -19 + -b4941?
-b495a
In base 13, what is 3 + 132b125c?
132b1262
In base 8, what is 1 + -32152764?
-32152763
In base 7, what is 356145453 - 4?
356145446
In base 6, what is -15 + -22141552204?
-22141552223
In base 5, what is -103004100 - 1030?
-103010130
In base 16, what is -5 + 3fd5247?
3fd5242
In base 15, what is -8b08b67 - 4?
-8b08b6b
In base 12, what is -48 - -76b4b78?
76b4b30
In base 7, what is -5 + 100664432?
100664424
In base 11, what is 4a3756a - -4?
4a37573
In base 7, what is 5105062141 - -6?
5105062150
In base 12, what is 1 + -4358b83?
-4358b82
In base 8, what is -4642 + 2275?
-2345
In base 6, what is -43111 - 31221?
-114332
In base 5, what is 244402 + 1044?
301001
In base 11, what is 43 - -211445?
211488
In base 10, what is 5 + 14202181?
14202186
In base 8, what is 16 - -3406454?
3406472
In base 15, what is dc752e + -13?
dc751b
In base 16, what is -1a5d287 - -20?
-1a5d267
In base 11, what is 1a + -3633312?
-36332a3
In base 8, what is -346232162 - 3?
-346232165
In base 2, what is 10011000010001 + 10100100001?
10101100110010
In base 3, what is -1011222101012 + -121210?
-1011222222222
In base 8, what is 730532072 - 5?
730532065
In base 2, what is 10010000011001100010 + 100?
10010000011001100110
In base 3, what is -112110120 + -1202202?
-121020022
In base 2, what is -10 - -10111000010101101011110101111?
10111000010101101011110101101
In base 8, what is -354 - -233455?
233101
In base 14, what is 4a - -42715b?
4271a7
In base 11, what is -7813267 + -5?
-7813271
In base 9, what is 2322377 - 7?
2322370
In base 7, what is -6501621326 - -4?
-6501621322
In base 14, what is -910a + 2475?
-6a75
In base 16, what is -a - 